se
Is 859553 composite?
False
Is 416947 prime?
True
Is 3584303 prime?
True
Is 31469 composite?
False
Is 3522877 prime?
True
Is 126089 composite?
True
Is 327857 a prime number?
False
Is 725893 a composite number?
True
Is 78781 a prime number?
True
Is 12571 prime?
False
Is 6113 a composite number?
False
Is 795607 a composite number?
True
Is 293989 composite?
False
Is 12791 composite?
False
Is 5501 composite?
False
Is 22141 composite?
True
Is 49297 a composite number?
False
Is 14759 a composite number?
False
Is 2203 prime?
True
Is 64871 a composite number?
False
Is 18433 prime?
True
Is 18661 composite?
False
Is 186881 composite?
True
Is 27341 composite?
True
Is 630131 a prime number?
False
Is 36503 prime?
False
Is 253273 a composite number?
False
Is 9623 prime?
True
Is 2174927 a prime number?
False
Is 32203 a prime number?
True
Is 3291979 prime?
True
Is 35339 prime?
True
Is 345853 a composite number?
False
Is 7753 a prime number?
True
Is 62393 a prime number?
False
Is 46993 a composite number?
False
Is 229897 prime?
True
Is 709649 prime?
True
Is 33889 prime?
True
Is 277019 prime?
False
Is 8035 a composite number?
True
Is 73011 prime?
False
Is 5003 a prime number?
True
Is 25913 composite?
False
Is 435637 composite?
False
Is 3967 a prime number?
True
Is 8359 a composite number?
True
Is 246763 composite?
True
Is 110059 a prime number?
True
Is 117367 composite?
True
Is 150611 a composite number?
False
Is 11209 a composite number?
True
Is 1130369 a prime number?
True
Is 3943 a composite number?
False
Is 7895 prime?
False
Is 66803 a composite number?
True
Is 24517 prime?
True
Is 2477 a prime number?
True
Is 387577 composite?
False
Is 3858581 a prime number?
True
Is 18059 prime?
True
Is 2645993 composite?
True
Is 49886 prime?
False
Is 8923 prime?
True
Is 19945 composite?
True
Is 10651 a composite number?
False
Is 110615 composite?
True
Is 133495 a composite number?
True
Is 1261 prime?
False
Is 2819051 prime?
True
Is 19811 prime?
False
Is 16811 a composite number?
False
Is 11639 a composite number?
True
Is 4391 prime?
True
Is 882077 composite?
True
Is 859 a composite number?
False
Is 1317091 prime?
True
Is 521861 composite?
False
Is 28387 prime?
True
Is 445 composite?
True
Is 498073 prime?
True
Is 255019 prime?
True
Is 276869 a composite number?
False
Is 97117 composite?
False
Is 632651 prime?
False
Is 1982 a composite number?
True
Is 384955 composite?
True
Is 5639 composite?
False
Is 42299 prime?
True
Is 59959 a composite number?
True
Is 26899 a composite number?
True
Is 107197 a composite number?
False
Is 116329 a prime number?
True
Is 15391 a composite number?
False
Is 7901 a prime number?
True
Is 291329 a composite number?
True
Is 549481 a prime number?
True
Is 33367 prime?
False
Is 54227 a prime number?
False
Is 26981 a prime number?
True
Is 48173 composite?
True
Is 2657906 a prime number?
False
Is 165331 a composite number?
False
Is 4187 a composite number?
True
Is 872285 a prime number?
False
Is 907 prime?
True
Is 1009561 a prime number?
False
Is 4737 a composite number?
True
Is 79457 composite?
True
Is 208417 a prime number?
False
Is 123629 a composite number?
True
Is 1499 a composite number?
False
Is 228857 a prime number?
False
Is 1303 composite?
False
Is 1201723 a prime number?
False
Is 35135 prime?
False
Is 576109 a prime number?
False
Is 308291 a prime number?
True
Is 67603 prime?
False
Is 109119 composite?
True
Is 45281 a prime number?
True
Is 2909 a prime number?
True
Is 46957 composite?
False
Is 599831 prime?
True
Is 5453707 composite?
True
Is 28117 a prime number?
False
Is 10301 composite?
False
Is 93719 a composite number?
False
Is 841 prime?
False
Is 3239347 a prime number?
True
Is 5079 a composite number?
True
Is 8962 a prime number?
False
Is 3127 prime?
False
Is 1413167 a prime number?
False
Is 357169 a prime number?
True
Is 4177 prime?
True
Is 3955387 a composite number?
False
Is 38069 a prime number?
True
Is 11383 a composite number?
False
Is 16811 a prime number?
True
Is 8065 a composite number?
True
Is 146193 prime?
False
Is 207811 a composite number?
False
Is 36361 prime?
False
Is 19259 composite?
False
Is 218249 prime?
True
Is 323881 composite?
True
Is 554717 composite?
True
Is 48338 prime?
False
Is 39181 a composite number?
False
Is 216091 a composite number?
False
Is 6583 a prime number?
False
Is 27397 prime?
True
Is 48439 a composite number?
True
Is 466619 prime?
True
Is 42533 composite?
False
Is 14197 a composite number?
False
Is 267413 a prime number?
True
Is 733543 a prime number?
False
Is 225569 composite?
False
Is 1635637 a composite number?
False
Is 107138 prime?
False
Is 9781 a composite number?
False
Is 6899 prime?
True
Is 3271 composite?
False
Is 131245 a composite number?
True
Is 1817 a prime number?
False
Is 9739 prime?
True
Is 112719 a prime number?
False
Is 239519 prime?
False
Is 6947 a prime number?
True
Is 68719 a composite number?
True
Is 32537 composite?
False
Is 7135 a composite number?
True
Is 8633 prime?
False
Is 36679 prime?
False
Is 4087 composite?
True
Is 705247 a prime number?
True
Is 29779 a composite number?
True
Is 47 composite?
False
Is 1499 composite?
False
Is 5157073 a composite number?
False
Is 19661 prime?
True
Is 3398969 a prime number?
False
Is 4946 a prime number?
False
Is 48631 a composite number?
True
Is 11597 composite?
False
Is 24391 a composite number?
False
Is 23487 prime?
False
Is 21001 a composite number?
False
Is 14963 prime?
False
Is 34421 a prime number?
True
Is 502681 a composite number?
True
Is 60535 prime?
False
Is 6073 composite?
False
Is 85451 composite?
False
Is 52489 a composite number?
False
Is 96073 a composite number?
True
Is 1038539 prime?
True
Is 16649 a composite number?
False
Is 13121 prime?
True
Is 167091 composite?
True
Is 7235 composite?
True
Is 13919 composite?
True
Is 22817 a prime number?
True
Is 209669 composite?
False
Is 185989 a composite number?
True
Is 88115 composite?
True
Is 502466 prime?
False
Is 70709 composite?
False
Is 78107 prime?
False
Is 100613 a prime number?
True
Is 48157 composite?
False
Is 43853 a prime number?
True
Is 565973 prime?
True
Is 1471 composite?
False
Is 1333247 composite?
True
Is 3199 composite?
True
Is 54137 composite?
True
Is 508227 composite?
True
Is 95591 prime?
False
Is 13466 a prime number?
False
Is 24595 a prime number?
False
Is 2579 a prime number?
True
Is 369095 composite?
True
Is 88373 prime?
False
Is 61357 a prime number?
True
Is 1974961 a composite number?
False
Is 150899 composite?
True
Is 2363 prime?
False
Is 407899 composite?
False
Is 131299 prime?
False
Is 26627 composite?
False
Is 1755047 prime?
False
Is 7463 a composite number?
True
Is 243911 a composite number?
False
Is 84559 prime?
True
Is 5996953 composite?
False
Is 9181 composite?
False
Is 8147 a composite number?
False
Is 1225427 prime?
False
Is 37819 a composite number?
True
Is 214937 prime?
False
Is 328253 prime?
False
Is 1949 prime?
True
Is 17093 a prime number?
True
Is 97985 prime?
False
Is 1228741 composite?
False
Is 11379 composite?
True
Is 6511 prime?
False
Is 559307 a prime number?
False
Is 12187 a composite number?
True
Is 54823 composite?
True
Is 3359 prime?
True
Is 106487 a prime number?
True
Is 3579 a composite number?
True
Is 5981 a composite number?
False
Is 15857 a composite number?
True
Is 847681 composite?
False
Is 977 a composite number?
False
Is 1893 a prime number?
False
Is 35081 a prime number?
True
Is 21313 a prime number?
True
Is 37909 a composite number?
True
Is 2333 a composite number?
False
Is 8147 a composite number?
False
Is 1829 composite?
True
Is 2953 prime?
True
Is 658237 a prime number?
False
Is 10447 prime?
False
Is 1449183 composite?
True
Is 101521 a prime number?
False
Is 36247 prime?
False
Is 7867 composite?
False
Is 2514399 a prime number?
False
Is 11678 composite?
True
Is 813707 a composite number?
False
Is 571 a prime number?
True
Is 2245 a composite number?
True
Is 107171 prime?
True
Is 263167 prime?
True
Is 37043 a composite number?
True
Is 1062437 composite?
True
Is 71567 prime?
False
Is 11141 composite?
True
Is 2345209 prime?
True
Is 167147 a composite number?
True
Is 360749 composite?
False
Is 29759 composite?
False
Is 71223 a prime number?
False
Is 26141 a composite number?
False
Is 257 a prime number?
True
I